w) = 2*w - 4. Determine a(z).
-10
Let z(s) = -s**2 + 2*s + 11. Let f be z(-3). Let i(x) = 2*x**2 - 3*x + 2. Let y(r) = -r**2 + 1. Let v(g) = i(g) + 3*y(g). What is v(f)?
1
Let r(k) = -k**3 - k**2 - k + 7. Let b be 4/(-16) + (-2)/(-8). Calculate r(b).
7
Let n(w) = -w - 2. Let c = -6 - -10. Suppose -v + 3*k = -1 - 2, 0 = -c*v - 3*k - 18. Determine n(v).
1
Suppose 15 = 4*s + s. Let d = 0 + s. Let t(p) = -p**3 - 5*p**2 - 5*p - 2*p**3 + 2*p**d. Calculate t(-4).
4
Suppose 16 = 2*x + 2*x. Let y(a) = x + 5 - 5 - a - 7. Give y(6).
-9
Suppose -q = 2*z - 9, -5 = -z - 2*q + 7. Let y be 168/30 + 3/(-5). Let k(c) = 4*c - 3*c**2 + 0 - y + z + 2*c**2. Determine k(2).
1
Let x(y) = -3*y - 1. Suppose 4 = -3*q + 19. Suppose 0 = 4*b + c + 14, -19 = 3*b - c - q. Give x(b).
11
Let i(s) = -s**2 + s + 2. Let v be i(0). Let k(p) = 3 + 3 + 4*p + p**v - 1. Suppose -5*a + a = 5*l + 16, -4*a = l + 16. Give k(a).
5
Let j(k) be the second derivative of -k**3/6 - 3*k**2 - 18*k. Determine j(-6).
0
Let x(h) = -8*h + 6*h**2 - h**3 - 4*h**3 + 6*h**3 + 1. Give x(-7).
8
Let d(j) = -5*j**3 + 4*j**2 + 3*j - 5. Let v(m) = -6*m**3 + 5*m**2 + 4*m - 6. Let o(s) = 5*d(s) - 4*v(s). Give o(-2).
9
Let a(b) = b**3 - 4*b**2 + b - 3. Let j be 0 - 2/(-4)*6. Give a(j).
-9
Suppose -4*m + 22 = -2. Let h(x) be the third derivative of -x**5/60 + 7*x**4/24 - x**3 + 13*x**2. Give h(m).
0
Let u be -7 + 2/1 + 1. Let v(h) = h**2 + 3*h + 6. Let m(y) be the first derivative of -y**3/3 - y**2 - 6*y + 2. Let g(p) = -4*m(p) - 5*v(p). Calculate g(u).
6
Let s = 7 - 1. Let u(z) = -4*z + z**2 + s*z + 2 - 7. Determine u(-4).
3
Let h be 2/(2*2/(-4)). Let n(p) = p + p - p + 0. Determine n(h).
-2
Let r = 5 - 9. Let t(l) = 0 + 2*l + 4*l - l + l**2 + 4. Determine t(r).
0
Let k = -25 + 33. Let n(d) = d**2 - 9*d + 6. What is n(k)?
-2
Let t(d) = -3*d**3 - 23*d**2 - 8*d + 20. Let o(m) = m**3 + 8*m**2 + 3*m - 7. Let f(h) = -17*o(h) - 6*t(h). Determine f(-2).
5
Let d(i) = 10 + 0*i + 3 - 2*i + i. Give d(6).
7
Suppose -4*v - 4 = 16. Let s(g) be the first derivative of -g**2/2 + 7*g - 38. Calculate s(v).
12
Let m(p) = p - 3. Let k be 0 - 3/(-2)*2. Let f = k + -7. What is m(f)?
-7
Let y(h) = 3*h - 2. Let q = 5 - 0. Suppose -6*s = -s - q. Let x be s - 1 - 3 - -5. Determine y(x).
4
Let u(m) = 6*m**2 + 2*m - 1. Let z(h) = h**2 - 21*h - 25. Let f be z(22). Suppose -9 = -3*t + 8*t + 3*s, s = 2. Let r be (t - 10/f)*3. Determine u(r).
7
Let h(r) = -r - 5. Suppose 10 + 35 = 5*g. Suppose 4*c - 12 = 0, 5*c - 2*c - g = 5*j. Calculate h(j).
-5
Let b(p) = p + 6. Suppose 0 = -0*l - 4*l + t - 2, 6 = 3*t. Let u(c) = 2 + l*c + 1 + c. Let s(k) = 3*b(k) - 5*u(k). Calculate s(5).
-7
Let z(v) = v**3 - 4*v**2 - 2. Suppose -w + 3*w - 9 = -b, 5*w = -2*b + 22. Let c be w*1*(-14 + 15). Give z(c).
-2
Let f(l) = 5*l**2 + 12*l - 2. Let j(t) = t**2 + t. Let r(q) = -f(q) + 6*j(q). Let v = -2 - -8. What is r(v)?
2
Let g(f) = -f + 6. Suppose -j - 5 = j + 5*t, 2*t = -2. What is g(j)?
6
Suppose 5*d + 6 = 1. Let t(h) be the third derivative of 1/30*h**6 + 0*h + 0 + 1/60*h**5 - 2*h**2 + 1/6*h**3 + 1/12*h**4. Determine t(d).
-4
Let o(p) = -p + 7. Let i(r) = r. Let z be i(5). Suppose 4*x - 7 = 29. Suppose z*l - 4*f + f - x = 0, f = -l - 3. What is o(l)?
7
Let q = -6 - -9. Let f(b) = -b**3 + 6*b**2 + b - 2. Let o be f(6). Let p(h) = -h**3 + 0*h**2 + o*h + 0 - 5 + 0*h + q*h**2. What is p(4)?
-5
Let k(p) = 7*p + 6. Let s(g) = 6*g + 5. Let w(o) = 5*k(o) - 6*s(o). Let h be w(4). Let v(i) = i**2 + 5*i. Give v(h).
-4
Let x(a) = a. Let n(j) = 5*j. Let k(i) = n(i) - 4*x(i). Calculate k(-2).
-2
Let h(a) = -10*a**2 - 2*a - 1. Let c(x) = 3*x - 25. Let d be c(8). Determine h(d).
-9
Let g(d) = 2*d - 4. Let m be g(3). Let i(k) = -k**m + 0*k**2 - k + 0*k - 1. Determine i(0).
-1
Let a(v) be the first derivative of v**2/2 - 3*v - 6. Calculate a(6).
3
Let j(h) = 5*h + 4. Let b(f) = -f. Let k(z) = -6*b(z) - j(z). Let i(x) = -2*x - 1. Let o be i(2). Let c(u) = -5. Let d(m) = o*k(m) + 4*c(m). Determine d(-1).
5
Suppose -5*k - 5 + 30 = 0. Let v = k + -7. Let b(z) = z**3 + z**2 - 4*z - 3. Calculate b(v).
1
Let k(i) be the third derivative of 0*i + 1/8*i**4 + 5/6*i**3 - 5*i**2 + 0. Give k(-4).
-7
Let l(h) = -h**2 + 2*h - 1. Let o(z) = 2*z**2 - 4*z + 2. Let a be o(3). Let d be 38/(-8) + 6/a. Let i = d - -2. What is l(i)?
-9
Let v(s) = -1 + 1 - 11*s**2 + 54*s - 1 - 52*s. Let m be (-3)/(-4) - 1/(-4). Calculate v(m).
-10
Let c(j) = 8*j + 2 + 6*j**2 + 1494*j**3 - 3 - 1495*j**3. What is c(7)?
6
Let u = 29 - 17. Let r(z) = 30*z - u*z - 16*z. What is r(-2)?
-4
Let v be 2/(-7)*(-25 - -18). Let i(o) = -o**2 + 4*o - 3. Give i(v).
1
Let y(x) = 0 + 0 + x**2 + 4*x. Let t(p) be the second derivative of -p**5/20 + 5*p**4/12 + 7*p**3/6 - 4*p**2 + 2*p. Let a be t(6). Determine y(a).
-4
Let r be -2*(14 - 15)*1*2. Let y(d) = d - 2. Let j be y(4). Let h(v) = j + r*v - 3*v**2 + v**3 - 2*v**2 + 0*v**3. Determine h(4).
2
Let k(d) = -5*d**3 - 2*d**2 + 2*d - 1. Let u = 28 - 25. Suppose 5*m - g = 6, 8*m - 1 = 4*m - u*g. Calculate k(m).
-6
Let a = -20 - -55. Let k(f) = -f**3 - 4*f**2 + 7*f + 4. Let u be k(-5). Let y be 15/a + u/14. Let w(l) = -l**3 - l**2 + l + 2. What is w(y)?
2
Suppose -23*a - 1 + 1 = 0. Let j(d) = 3*d**2 + 3*d - 14. Let x(r) = r**2 + r. Let c(p) = -j(p) + 4*x(p). Determine c(a).
14
Let d be (-1)/((0 + 1)*-1). Let j = -1 + d. Let r(a) = -2*a**2 + 2 + 6*a**2 - 3*a - 5*a**2 + 2*a. Calculate r(j).
2
Suppose -19*z + 15*z = 0. Let m(w) = 2 + 0*w + 2 + w. What is m(z)?
4
Let p(r) be the first derivative of -r**3/3 + 8*r + 3. Determine p(0).
8
Let i(x) = 3*x**2 - 8*x - 8. Let z(b) = 29*b**2 - 56*b - 43. Let p(g) = 10*g**2 - 19*g - 14. Let j(k) = 8*p(k) - 3*z(k). Let n(q) = 9*i(q) + 4*j(q). Give n(-3).
11
Let f(a) = a**3 - 3*a**2 + 8*a + 4. Let y(u) = -2*u**3 + 5*u**2 - 17*u - 7. Suppose 3*k - 5*p - 8 = 0, 0 = -5*p - 6 - 14. Let j(m) = k*y(m) - 9*f(m). Give j(6).
4
Let t(m) = -m**3 + 3*m - 2. Let u be t(2). Let j(z) be the third derivative of z**4/24 + 4*z**3/3 + 5*z**2. Give j(u).
4
Suppose -6*j - 1 = -j - 2*f, -2*f - 5 = j. Let z = 8 + -3. Let q(k) = -k**3 + 2*k - z*k**3 + 2*k**2 + 1 + 2*k**3. What is q(j)?
5
Let s(w) = -2*w + 1. Let h(u) = u**3 - 7*u**2 - 7*u - 4. Let p be h(8). Suppose -4*l + 2 = f + 20, -p*f - 5*l = 28. Let c = -5 - f. Give s(c).
7
Let z = -8 + 11. Let l = 13 + -9. Let f(b) = -2*b + z + 3*b - l*b. Determine f(2).
-3
Let b be (7 - (-36)/(-6)) + -3 + -1. Let r(m) = -4*m**2 - m - 1. Calculate r(b).
-34
Let p = 34 + -24. Let r(u) = -u**2 + 10*u. What is r(p)?
0
Let q be -2 - ((-8)/12 - (-50)/(-6)). Let d(l) = -l - 1. What is d(q)?
-8
Let o be ((-20)/8)/((-3)/(-12)*2). Let i(c) be the second derivative of -c**3/6 - 2*c**2 + 2*c. Give i(o).
1
Let b(o) be the third derivative of o**5/60 - 5*o**4/24 + o**3 + o**2. Suppose 4*g = 8, 3*i = -3*g - 2*g + 22. Give b(i).
2
Let r(x) = -3*x**3 + 3*x**2 - 5*x + 1. Let j be 0/((1 + -2)/(-1)). Let g(n) = -3*n + 2*n - n**3 + j*n**3. Let y(b) = -2*g(b) + r(b). Calculate y(3).
-8
Suppose -m = -5*m + 20. Suppose 3*u = -m*o + 10, 3*o + 0*u + u - 6 = 0. Let q(j) = -j + o*j**3 - j**2 + 5*j - 1 - 3*j**3. Determine q(-3).
5
Let h(s) = s**3 + 4*s**2 - 5*s + 4. Let u(t) = -2*t + 1. Let k be u(3). Let f be h(k). Let a(r) = -r - 4*r + 6*r - f. What is a(3)?
-1
Let u(o) be the first derivative of -1/4*o**4 + 1 + o**2 + 3*o - 2/3*o**3. Suppose 5*g - 1 = -11. Calculate u(g).
-1
Let m(q) = 6*q - 4 - q - 3*q + q**3 - q + 4*q**2. Calculate m(-3).
2
Suppose 0 = -4*j + j + 12. Suppose 3*h = -5*z - 0*h + 10, 0 = -j*z - 2*h + 6. Let c(y) be the first derivative of -3*y**4/2 + y**2/2 + 5. Determine c(z).
5
Let i(o) = -10*o**2 - 3. Let d(q) = -31*q**2 - 10. Let k(l) = 2*d(l) - 7*i(l). Let y = 0 + -1. Determine k(y).
9
Let d(c) = 11*c**3 + 2*c - 1. Let g(f) = f**3 - 6*f**2 - 7*f + 1. Let z be g(7). Suppose 0 = 5*i - z - 4. Give d(i).
12
Let g(w) = 3*w + 6 + 2*w + 2*w + w**2 + w. Give g(-5).
-9
Let q(w) = -4*w + w + 2*w + 2*w**2 + 1. Let f = -1 + 2. Let b be q(f). Let k(a) = -a**3 + 2*a**2 + 2*a - 2. Give k(b).
2
Let l(a) = -2*a + 9. Let c be l(4). Let j(w) = 12*w. Determine j(c).
12
Suppose -10*z - 17 = 13. Let t(y) = -2*y**3 - 5*y**2 - 3*y + 2. Calculate t(z).
20
Let o(t) be the first derivative of -t**5/20 + t**4/3 - t**3/6 + t**2 + 3*t + 4. Let q(k) be the first derivative o